{"id":180,"date":"2023-06-27T18:56:01","date_gmt":"2023-06-27T21:56:01","guid":{"rendered":"https:\/\/autobateriaconcepcion.cl\/garage\/?page_id=180"},"modified":"2023-06-27T18:58:33","modified_gmt":"2023-06-27T21:58:33","slug":"contactenos","status":"publish","type":"page","link":"https:\/\/autobateriaconcepcion.cl\/garage\/contactenos\/","title":{"rendered":"Cont\u00e1ctenos"},"content":{"rendered":"\n<p>\u00bfTiene dudas y desea ponerse en contacto con nosotros? Dejamos a su disposici\u00f3n el siguiente formulario de contacto. Si desea una respuesta m\u00e1s inmediata puede escribirnos a nuestro WhatsApp <a href=\"https:\/\/wa.me\/56962372995\">+56962372995<\/a><\/p>\n\n\n\n<div class=\"wp-block-contact-form-7-contact-form-selector\">\n<div class=\"wpcf7 no-js\" id=\"wpcf7-f182-o1\" lang=\"es-CL\" dir=\"ltr\" data-wpcf7-id=\"182\">\n<div class=\"screen-reader-response\"><p role=\"status\" aria-live=\"polite\" aria-atomic=\"true\"><\/p> <ul><\/ul><\/div>\n<form action=\"\/garage\/wp-json\/wp\/v2\/pages\/180#wpcf7-f182-o1\" method=\"post\" class=\"wpcf7-form init\" aria-label=\"Formulario de contacto\" novalidate=\"novalidate\" data-status=\"init\">\n<fieldset class=\"hidden-fields-container\"><input type=\"hidden\" name=\"_wpcf7\" value=\"182\" \/><input type=\"hidden\" name=\"_wpcf7_version\" value=\"6.1.5\" \/><input type=\"hidden\" name=\"_wpcf7_locale\" value=\"es_CL\" \/><input type=\"hidden\" name=\"_wpcf7_unit_tag\" value=\"wpcf7-f182-o1\" \/><input type=\"hidden\" name=\"_wpcf7_container_post\" value=\"0\" \/><input type=\"hidden\" name=\"_wpcf7_posted_data_hash\" value=\"\" \/>\n<\/fieldset>\n<p><label> Nombre<br \/>\n<span class=\"wpcf7-form-control-wrap\" data-name=\"your-name\"><input size=\"40\" maxlength=\"400\" class=\"wpcf7-form-control wpcf7-text wpcf7-validates-as-required\" autocomplete=\"name\" aria-required=\"true\" aria-invalid=\"false\" value=\"\" type=\"text\" name=\"your-name\" \/><\/span> <\/label>\n<\/p>\n<p><label> Email<br \/>\n<span class=\"wpcf7-form-control-wrap\" data-name=\"your-email\"><input size=\"40\" maxlength=\"400\" class=\"wpcf7-form-control wpcf7-email wpcf7-validates-as-required wpcf7-text wpcf7-validates-as-email\" autocomplete=\"email\" aria-required=\"true\" aria-invalid=\"false\" value=\"\" type=\"email\" name=\"your-email\" \/><\/span> <\/label>\n<\/p>\n<p><label> Asunto<br \/>\n<span class=\"wpcf7-form-control-wrap\" data-name=\"your-subject\"><input size=\"40\" maxlength=\"400\" class=\"wpcf7-form-control wpcf7-text wpcf7-validates-as-required\" aria-required=\"true\" aria-invalid=\"false\" value=\"\" type=\"text\" name=\"your-subject\" \/><\/span> <\/label>\n<\/p>\n<p><label> Mensaje<br \/>\n<span class=\"wpcf7-form-control-wrap\" data-name=\"your-message\"><textarea cols=\"40\" rows=\"10\" maxlength=\"2000\" class=\"wpcf7-form-control wpcf7-textarea\" aria-invalid=\"false\" name=\"your-message\"><\/textarea><\/span> <\/label>\n<\/p>\n<p><input class=\"wpcf7-form-control wpcf7-submit has-spinner\" type=\"submit\" value=\"Enviar\" \/>\n<\/p><div class=\"wpcf7-response-output\" aria-hidden=\"true\"><\/div>\n<\/form>\n<\/div>\n<\/div>\n","protected":false},"excerpt":{"rendered":"<p>\u00bfTiene dudas y desea ponerse en contacto con nosotros? Dejamos a su disposici\u00f3n el siguiente formulario de contacto. Si desea una respuesta m\u00e1s inmediata puede escribirnos a nuestro WhatsApp +56962372995<\/p>\n","protected":false},"author":1,"featured_media":0,"parent":0,"menu_order":0,"comment_status":"closed","ping_status":"closed","template":"","meta":{"footnotes":""},"class_list":["post-180","page","type-page","status-publish"],"yoast_head":"<!-- This site is optimized with the Yoast SEO plugin v27.3 - https:\/\/yoast.com\/product\/yoast-seo-wordpress\/ -->\n<title>Cont\u00e1ctenos - Autobater\u00eda Concepci\u00f3n Garage<\/title>\n<meta name=\"robots\" content=\"index, follow, max-snippet:-1, max-image-preview:large, max-video-preview:-1\" \/>\n<link rel=\"canonical\" href=\"https:\/\/autobateriaconcepcion.cl\/garage\/contactenos\/\" \/>\n<meta property=\"og:locale\" content=\"es_ES\" \/>\n<meta property=\"og:type\" content=\"article\" \/>\n<meta property=\"og:title\" content=\"Cont\u00e1ctenos - Autobater\u00eda Concepci\u00f3n Garage\" \/>\n<meta property=\"og:description\" content=\"\u00bfTiene dudas y desea ponerse en contacto con nosotros? Dejamos a su disposici\u00f3n el siguiente formulario de contacto. Si desea una respuesta m\u00e1s inmediata puede escribirnos a nuestro WhatsApp +56962372995\" \/>\n<meta property=\"og:url\" content=\"https:\/\/autobateriaconcepcion.cl\/garage\/contactenos\/\" \/>\n<meta property=\"og:site_name\" content=\"Autobater\u00eda Concepci\u00f3n Garage\" \/>\n<meta property=\"article:publisher\" content=\"https:\/\/facebook.com\/autobateriaccp\" \/>\n<meta property=\"article:modified_time\" content=\"2023-06-27T21:58:33+00:00\" \/>\n<meta name=\"twitter:card\" content=\"summary_large_image\" \/>\n<meta name=\"twitter:label1\" content=\"Tiempo estimado de lectura\" \/>\n\t<meta name=\"twitter:data1\" content=\"1 minuto\" \/>\n<script type=\"application\/ld+json\" class=\"yoast-schema-graph\">{\"@context\":\"https:\\\/\\\/schema.org\",\"@graph\":[{\"@type\":\"WebPage\",\"@id\":\"https:\\\/\\\/autobateriaconcepcion.cl\\\/garage\\\/contactenos\\\/\",\"url\":\"https:\\\/\\\/autobateriaconcepcion.cl\\\/garage\\\/contactenos\\\/\",\"name\":\"Cont\u00e1ctenos - Autobater\u00eda Concepci\u00f3n Garage\",\"isPartOf\":{\"@id\":\"https:\\\/\\\/autobateriaconcepcion.cl\\\/garage\\\/#website\"},\"datePublished\":\"2023-06-27T21:56:01+00:00\",\"dateModified\":\"2023-06-27T21:58:33+00:00\",\"breadcrumb\":{\"@id\":\"https:\\\/\\\/autobateriaconcepcion.cl\\\/garage\\\/contactenos\\\/#breadcrumb\"},\"inLanguage\":\"es-CL\",\"potentialAction\":[{\"@type\":\"ReadAction\",\"target\":[\"https:\\\/\\\/autobateriaconcepcion.cl\\\/garage\\\/contactenos\\\/\"]}]},{\"@type\":\"BreadcrumbList\",\"@id\":\"https:\\\/\\\/autobateriaconcepcion.cl\\\/garage\\\/contactenos\\\/#breadcrumb\",\"itemListElement\":[{\"@type\":\"ListItem\",\"position\":1,\"name\":\"Portada\",\"item\":\"https:\\\/\\\/autobateriaconcepcion.cl\\\/garage\\\/\"},{\"@type\":\"ListItem\",\"position\":2,\"name\":\"Cont\u00e1ctenos\"}]},{\"@type\":\"WebSite\",\"@id\":\"https:\\\/\\\/autobateriaconcepcion.cl\\\/garage\\\/#website\",\"url\":\"https:\\\/\\\/autobateriaconcepcion.cl\\\/garage\\\/\",\"name\":\"Autobater\u00eda Concepci\u00f3n Garage\",\"description\":\"Mec\u00e1nico a domicilio en Concepci\u00f3n\",\"publisher\":{\"@id\":\"https:\\\/\\\/autobateriaconcepcion.cl\\\/garage\\\/#organization\"},\"potentialAction\":[{\"@type\":\"SearchAction\",\"target\":{\"@type\":\"EntryPoint\",\"urlTemplate\":\"https:\\\/\\\/autobateriaconcepcion.cl\\\/garage\\\/?s={search_term_string}\"},\"query-input\":{\"@type\":\"PropertyValueSpecification\",\"valueRequired\":true,\"valueName\":\"search_term_string\"}}],\"inLanguage\":\"es-CL\"},{\"@type\":\"Organization\",\"@id\":\"https:\\\/\\\/autobateriaconcepcion.cl\\\/garage\\\/#organization\",\"name\":\"Autobater\u00eda Concepci\u00f3n Garage\",\"url\":\"https:\\\/\\\/autobateriaconcepcion.cl\\\/garage\\\/\",\"logo\":{\"@type\":\"ImageObject\",\"inLanguage\":\"es-CL\",\"@id\":\"https:\\\/\\\/autobateriaconcepcion.cl\\\/garage\\\/#\\\/schema\\\/logo\\\/image\\\/\",\"url\":\"https:\\\/\\\/autobateriaconcepcion.cl\\\/garage\\\/wp-content\\\/uploads\\\/2023\\\/06\\\/cropped-LOGO-VECTORIZADO-AUTOBATERIA-GARAGE-NEGATIVO.png\",\"contentUrl\":\"https:\\\/\\\/autobateriaconcepcion.cl\\\/garage\\\/wp-content\\\/uploads\\\/2023\\\/06\\\/cropped-LOGO-VECTORIZADO-AUTOBATERIA-GARAGE-NEGATIVO.png\",\"width\":350,\"height\":250,\"caption\":\"Autobater\u00eda Concepci\u00f3n Garage\"},\"image\":{\"@id\":\"https:\\\/\\\/autobateriaconcepcion.cl\\\/garage\\\/#\\\/schema\\\/logo\\\/image\\\/\"},\"sameAs\":[\"https:\\\/\\\/facebook.com\\\/autobateriaccp\",\"https:\\\/\\\/instagram.com\\\/autobateriaccp\"]}]}<\/script>\n<!-- \/ Yoast SEO plugin. -->","yoast_head_json":{"title":"Cont\u00e1ctenos - Autobater\u00eda Concepci\u00f3n Garage","robots":{"index":"index","follow":"follow","max-snippet":"max-snippet:-1","max-image-preview":"max-image-preview:large","max-video-preview":"max-video-preview:-1"},"canonical":"https:\/\/autobateriaconcepcion.cl\/garage\/contactenos\/","og_locale":"es_ES","og_type":"article","og_title":"Cont\u00e1ctenos - Autobater\u00eda Concepci\u00f3n Garage","og_description":"\u00bfTiene dudas y desea ponerse en contacto con nosotros? Dejamos a su disposici\u00f3n el siguiente formulario de contacto. Si desea una respuesta m\u00e1s inmediata puede escribirnos a nuestro WhatsApp +56962372995","og_url":"https:\/\/autobateriaconcepcion.cl\/garage\/contactenos\/","og_site_name":"Autobater\u00eda Concepci\u00f3n Garage","article_publisher":"https:\/\/facebook.com\/autobateriaccp","article_modified_time":"2023-06-27T21:58:33+00:00","twitter_card":"summary_large_image","twitter_misc":{"Tiempo estimado de lectura":"1 minuto"},"schema":{"@context":"https:\/\/schema.org","@graph":[{"@type":"WebPage","@id":"https:\/\/autobateriaconcepcion.cl\/garage\/contactenos\/","url":"https:\/\/autobateriaconcepcion.cl\/garage\/contactenos\/","name":"Cont\u00e1ctenos - Autobater\u00eda Concepci\u00f3n Garage","isPartOf":{"@id":"https:\/\/autobateriaconcepcion.cl\/garage\/#website"},"datePublished":"2023-06-27T21:56:01+00:00","dateModified":"2023-06-27T21:58:33+00:00","breadcrumb":{"@id":"https:\/\/autobateriaconcepcion.cl\/garage\/contactenos\/#breadcrumb"},"inLanguage":"es-CL","potentialAction":[{"@type":"ReadAction","target":["https:\/\/autobateriaconcepcion.cl\/garage\/contactenos\/"]}]},{"@type":"BreadcrumbList","@id":"https:\/\/autobateriaconcepcion.cl\/garage\/contactenos\/#breadcrumb","itemListElement":[{"@type":"ListItem","position":1,"name":"Portada","item":"https:\/\/autobateriaconcepcion.cl\/garage\/"},{"@type":"ListItem","position":2,"name":"Cont\u00e1ctenos"}]},{"@type":"WebSite","@id":"https:\/\/autobateriaconcepcion.cl\/garage\/#website","url":"https:\/\/autobateriaconcepcion.cl\/garage\/","name":"Autobater\u00eda Concepci\u00f3n Garage","description":"Mec\u00e1nico a domicilio en Concepci\u00f3n","publisher":{"@id":"https:\/\/autobateriaconcepcion.cl\/garage\/#organization"},"potentialAction":[{"@type":"SearchAction","target":{"@type":"EntryPoint","urlTemplate":"https:\/\/autobateriaconcepcion.cl\/garage\/?s={search_term_string}"},"query-input":{"@type":"PropertyValueSpecification","valueRequired":true,"valueName":"search_term_string"}}],"inLanguage":"es-CL"},{"@type":"Organization","@id":"https:\/\/autobateriaconcepcion.cl\/garage\/#organization","name":"Autobater\u00eda Concepci\u00f3n Garage","url":"https:\/\/autobateriaconcepcion.cl\/garage\/","logo":{"@type":"ImageObject","inLanguage":"es-CL","@id":"https:\/\/autobateriaconcepcion.cl\/garage\/#\/schema\/logo\/image\/","url":"https:\/\/autobateriaconcepcion.cl\/garage\/wp-content\/uploads\/2023\/06\/cropped-LOGO-VECTORIZADO-AUTOBATERIA-GARAGE-NEGATIVO.png","contentUrl":"https:\/\/autobateriaconcepcion.cl\/garage\/wp-content\/uploads\/2023\/06\/cropped-LOGO-VECTORIZADO-AUTOBATERIA-GARAGE-NEGATIVO.png","width":350,"height":250,"caption":"Autobater\u00eda Concepci\u00f3n Garage"},"image":{"@id":"https:\/\/autobateriaconcepcion.cl\/garage\/#\/schema\/logo\/image\/"},"sameAs":["https:\/\/facebook.com\/autobateriaccp","https:\/\/instagram.com\/autobateriaccp"]}]}},"_links":{"self":[{"href":"https:\/\/autobateriaconcepcion.cl\/garage\/wp-json\/wp\/v2\/pages\/180","targetHints":{"allow":["GET"]}}],"collection":[{"href":"https:\/\/autobateriaconcepcion.cl\/garage\/wp-json\/wp\/v2\/pages"}],"about":[{"href":"https:\/\/autobateriaconcepcion.cl\/garage\/wp-json\/wp\/v2\/types\/page"}],"author":[{"embeddable":true,"href":"https:\/\/autobateriaconcepcion.cl\/garage\/wp-json\/wp\/v2\/users\/1"}],"replies":[{"embeddable":true,"href":"https:\/\/autobateriaconcepcion.cl\/garage\/wp-json\/wp\/v2\/comments?post=180"}],"version-history":[{"count":2,"href":"https:\/\/autobateriaconcepcion.cl\/garage\/wp-json\/wp\/v2\/pages\/180\/revisions"}],"predecessor-version":[{"id":183,"href":"https:\/\/autobateriaconcepcion.cl\/garage\/wp-json\/wp\/v2\/pages\/180\/revisions\/183"}],"wp:attachment":[{"href":"https:\/\/autobateriaconcepcion.cl\/garage\/wp-json\/wp\/v2\/media?parent=180"}],"curies":[{"name":"wp","href":"https:\/\/api.w.org\/{rel}","templated":true}]}}