{"id":6,"date":"2021-07-06T20:54:42","date_gmt":"2021-07-06T23:54:42","guid":{"rendered":"http:\/\/autobateriaconcepcion.cl\/home\/tienda\/"},"modified":"2021-07-06T20:54:42","modified_gmt":"2021-07-06T23:54:42","slug":"tienda","status":"publish","type":"page","link":"https:\/\/autobateriaconcepcion.cl\/home\/tienda\/","title":{"rendered":"Tienda"},"content":{"rendered":"","protected":false},"excerpt":{"rendered":"","protected":false},"author":2,"featured_media":0,"parent":0,"menu_order":0,"comment_status":"closed","ping_status":"closed","template":"","meta":{"footnotes":""},"class_list":["post-6","page","type-page","status-publish"],"yoast_head":"<!-- This site is optimized with the Yoast SEO plugin v27.3 - https:\/\/yoast.com\/product\/yoast-seo-wordpress\/ -->\n<title>Tienda - Autobateria Concepci\u00f3n<\/title>\n<meta name=\"robots\" content=\"index, follow, max-snippet:-1, max-image-preview:large, max-video-preview:-1\" \/>\n<link rel=\"canonical\" href=\"https:\/\/autobateriaconcepcion.cl\/home\/tienda\/\" \/>\n<meta property=\"og:locale\" content=\"es_ES\" \/>\n<meta property=\"og:type\" content=\"article\" \/>\n<meta property=\"og:title\" content=\"Tienda - Autobateria Concepci\u00f3n\" \/>\n<meta property=\"og:url\" content=\"https:\/\/autobateriaconcepcion.cl\/home\/tienda\/\" \/>\n<meta property=\"og:site_name\" content=\"Autobateria Concepci\u00f3n\" \/>\n<meta property=\"article:publisher\" content=\"https:\/\/www.facebook.com\/autobateriaccp\" \/>\n<meta name=\"twitter:card\" content=\"summary_large_image\" \/>\n<script type=\"application\/ld+json\" class=\"yoast-schema-graph\">{\"@context\":\"https:\\\/\\\/schema.org\",\"@graph\":[{\"@type\":\"WebPage\",\"@id\":\"https:\\\/\\\/autobateriaconcepcion.cl\\\/home\\\/tienda\\\/\",\"url\":\"https:\\\/\\\/autobateriaconcepcion.cl\\\/home\\\/tienda\\\/\",\"name\":\"Tienda - Autobateria Concepci\u00f3n\",\"isPartOf\":{\"@id\":\"https:\\\/\\\/autobateriaconcepcion.cl\\\/home\\\/#website\"},\"datePublished\":\"2021-07-06T23:54:42+00:00\",\"breadcrumb\":{\"@id\":\"https:\\\/\\\/autobateriaconcepcion.cl\\\/home\\\/tienda\\\/#breadcrumb\"},\"inLanguage\":\"es\",\"potentialAction\":[{\"@type\":\"ReadAction\",\"target\":[\"https:\\\/\\\/autobateriaconcepcion.cl\\\/home\\\/tienda\\\/\"]}]},{\"@type\":\"BreadcrumbList\",\"@id\":\"https:\\\/\\\/autobateriaconcepcion.cl\\\/home\\\/tienda\\\/#breadcrumb\",\"itemListElement\":[{\"@type\":\"ListItem\",\"position\":1,\"name\":\"Portada\",\"item\":\"https:\\\/\\\/autobateriaconcepcion.cl\\\/home\\\/\"},{\"@type\":\"ListItem\",\"position\":2,\"name\":\"Tienda\"}]},{\"@type\":\"WebSite\",\"@id\":\"https:\\\/\\\/autobateriaconcepcion.cl\\\/home\\\/#website\",\"url\":\"https:\\\/\\\/autobateriaconcepcion.cl\\\/home\\\/\",\"name\":\"Autobateria Concepci\u00f3n\",\"description\":\"Bater\u00edas a domicilio en Concepci\u00f3n\",\"publisher\":{\"@id\":\"https:\\\/\\\/autobateriaconcepcion.cl\\\/home\\\/#organization\"},\"potentialAction\":[{\"@type\":\"SearchAction\",\"target\":{\"@type\":\"EntryPoint\",\"urlTemplate\":\"https:\\\/\\\/autobateriaconcepcion.cl\\\/home\\\/?s={search_term_string}\"},\"query-input\":{\"@type\":\"PropertyValueSpecification\",\"valueRequired\":true,\"valueName\":\"search_term_string\"}}],\"inLanguage\":\"es\"},{\"@type\":\"Organization\",\"@id\":\"https:\\\/\\\/autobateriaconcepcion.cl\\\/home\\\/#organization\",\"name\":\"Autobateria Concepci\u00f3n\",\"url\":\"https:\\\/\\\/autobateriaconcepcion.cl\\\/home\\\/\",\"logo\":{\"@type\":\"ImageObject\",\"inLanguage\":\"es\",\"@id\":\"https:\\\/\\\/autobateriaconcepcion.cl\\\/home\\\/#\\\/schema\\\/logo\\\/image\\\/\",\"url\":\"https:\\\/\\\/autobateriaconcepcion.cl\\\/home\\\/wp-content\\\/uploads\\\/2022\\\/03\\\/cropped-Logo-web.png\",\"contentUrl\":\"https:\\\/\\\/autobateriaconcepcion.cl\\\/home\\\/wp-content\\\/uploads\\\/2022\\\/03\\\/cropped-Logo-web.png\",\"width\":238,\"height\":131,\"caption\":\"Autobateria Concepci\u00f3n\"},\"image\":{\"@id\":\"https:\\\/\\\/autobateriaconcepcion.cl\\\/home\\\/#\\\/schema\\\/logo\\\/image\\\/\"},\"sameAs\":[\"https:\\\/\\\/www.facebook.com\\\/autobateriaccp\",\"https:\\\/\\\/www.instagram.com\\\/autobateriaccp\\\/\",\"https:\\\/\\\/wa.me\\\/56962372995\"]}]}<\/script>\n<!-- \/ Yoast SEO plugin. -->","yoast_head_json":{"title":"Tienda - Autobateria Concepci\u00f3n","robots":{"index":"index","follow":"follow","max-snippet":"max-snippet:-1","max-image-preview":"max-image-preview:large","max-video-preview":"max-video-preview:-1"},"canonical":"https:\/\/autobateriaconcepcion.cl\/home\/tienda\/","og_locale":"es_ES","og_type":"article","og_title":"Tienda - Autobateria Concepci\u00f3n","og_url":"https:\/\/autobateriaconcepcion.cl\/home\/tienda\/","og_site_name":"Autobateria Concepci\u00f3n","article_publisher":"https:\/\/www.facebook.com\/autobateriaccp","twitter_card":"summary_large_image","schema":{"@context":"https:\/\/schema.org","@graph":[{"@type":"WebPage","@id":"https:\/\/autobateriaconcepcion.cl\/home\/tienda\/","url":"https:\/\/autobateriaconcepcion.cl\/home\/tienda\/","name":"Tienda - Autobateria Concepci\u00f3n","isPartOf":{"@id":"https:\/\/autobateriaconcepcion.cl\/home\/#website"},"datePublished":"2021-07-06T23:54:42+00:00","breadcrumb":{"@id":"https:\/\/autobateriaconcepcion.cl\/home\/tienda\/#breadcrumb"},"inLanguage":"es","potentialAction":[{"@type":"ReadAction","target":["https:\/\/autobateriaconcepcion.cl\/home\/tienda\/"]}]},{"@type":"BreadcrumbList","@id":"https:\/\/autobateriaconcepcion.cl\/home\/tienda\/#breadcrumb","itemListElement":[{"@type":"ListItem","position":1,"name":"Portada","item":"https:\/\/autobateriaconcepcion.cl\/home\/"},{"@type":"ListItem","position":2,"name":"Tienda"}]},{"@type":"WebSite","@id":"https:\/\/autobateriaconcepcion.cl\/home\/#website","url":"https:\/\/autobateriaconcepcion.cl\/home\/","name":"Autobateria Concepci\u00f3n","description":"Bater\u00edas a domicilio en Concepci\u00f3n","publisher":{"@id":"https:\/\/autobateriaconcepcion.cl\/home\/#organization"},"potentialAction":[{"@type":"SearchAction","target":{"@type":"EntryPoint","urlTemplate":"https:\/\/autobateriaconcepcion.cl\/home\/?s={search_term_string}"},"query-input":{"@type":"PropertyValueSpecification","valueRequired":true,"valueName":"search_term_string"}}],"inLanguage":"es"},{"@type":"Organization","@id":"https:\/\/autobateriaconcepcion.cl\/home\/#organization","name":"Autobateria Concepci\u00f3n","url":"https:\/\/autobateriaconcepcion.cl\/home\/","logo":{"@type":"ImageObject","inLanguage":"es","@id":"https:\/\/autobateriaconcepcion.cl\/home\/#\/schema\/logo\/image\/","url":"https:\/\/autobateriaconcepcion.cl\/home\/wp-content\/uploads\/2022\/03\/cropped-Logo-web.png","contentUrl":"https:\/\/autobateriaconcepcion.cl\/home\/wp-content\/uploads\/2022\/03\/cropped-Logo-web.png","width":238,"height":131,"caption":"Autobateria Concepci\u00f3n"},"image":{"@id":"https:\/\/autobateriaconcepcion.cl\/home\/#\/schema\/logo\/image\/"},"sameAs":["https:\/\/www.facebook.com\/autobateriaccp","https:\/\/www.instagram.com\/autobateriaccp\/","https:\/\/wa.me\/56962372995"]}]}},"_links":{"self":[{"href":"https:\/\/autobateriaconcepcion.cl\/home\/wp-json\/wp\/v2\/pages\/6","targetHints":{"allow":["GET"]}}],"collection":[{"href":"https:\/\/autobateriaconcepcion.cl\/home\/wp-json\/wp\/v2\/pages"}],"about":[{"href":"https:\/\/autobateriaconcepcion.cl\/home\/wp-json\/wp\/v2\/types\/page"}],"author":[{"embeddable":true,"href":"https:\/\/autobateriaconcepcion.cl\/home\/wp-json\/wp\/v2\/users\/2"}],"replies":[{"embeddable":true,"href":"https:\/\/autobateriaconcepcion.cl\/home\/wp-json\/wp\/v2\/comments?post=6"}],"version-history":[{"count":0,"href":"https:\/\/autobateriaconcepcion.cl\/home\/wp-json\/wp\/v2\/pages\/6\/revisions"}],"wp:attachment":[{"href":"https:\/\/autobateriaconcepcion.cl\/home\/wp-json\/wp\/v2\/media?parent=6"}],"curies":[{"name":"wp","href":"https:\/\/api.w.org\/{rel}","templated":true}]}}